{"id":233,"date":"2012-02-23T11:06:57","date_gmt":"2012-02-23T11:06:57","guid":{"rendered":"http:\/\/tributetoprince.com\/?page_id=233"},"modified":"2023-10-10T13:51:11","modified_gmt":"2023-10-10T13:51:11","slug":"bio","status":"publish","type":"page","link":"https:\/\/www.tributetoprince.com\/?page_id=233","title":{"rendered":"TV &#8211; R\u00e9f\u00e9rences"},"content":{"rendered":"\t\t<div data-elementor-type=\"wp-page\" data-elementor-id=\"233\" class=\"elementor elementor-233\">\n\t\t\t\t\t\t\t<div class=\"elementor-element elementor-element-3b49b0e9 e-flex e-con-boxed e-con e-parent\" data-id=\"3b49b0e9\" data-element_type=\"container\" data-settings=\"{&quot;content_width&quot;:&quot;boxed&quot;}\" data-core-v316-plus=\"true\">\n\t\t\t\t\t<div class=\"e-con-inner\">\n\t\t\t\t<div class=\"elementor-element elementor-element-5cf3cb68 elementor-widget elementor-widget-text-editor\" data-id=\"5cf3cb68\" data-element_type=\"widget\" data-widget_type=\"text-editor.default\">\n\t\t\t\t<div class=\"elementor-widget-container\">\n\t\t\t<style>\/*! elementor - v3.16.0 - 09-10-2023 *\/\n.elementor-widget-text-editor.elementor-drop-cap-view-stacked .elementor-drop-cap{background-color:#69727d;color:#fff}.elementor-widget-text-editor.elementor-drop-cap-view-framed .elementor-drop-cap{color:#69727d;border:3px solid;background-color:transparent}.elementor-widget-text-editor:not(.elementor-drop-cap-view-default) .elementor-drop-cap{margin-top:8px}.elementor-widget-text-editor:not(.elementor-drop-cap-view-default) .elementor-drop-cap-letter{width:1em;height:1em}.elementor-widget-text-editor .elementor-drop-cap{float:left;text-align:center;line-height:1;font-size:50px}.elementor-widget-text-editor .elementor-drop-cap-letter{display:inline-block}<\/style>\t\t\t\t<p><span style=\"color: #ff6600;\"><span style=\"text-decoration: underline;\"><strong>Apparitions TV<\/strong><\/span><strong> :\u00a0<\/strong><\/span><\/p><ul><li><span style=\"color: #5a05f7;\"><span style=\"text-decoration: underline;\"><span>En 2011<\/span><\/span> :<\/span><\/li><li><span style=\"color: #5a05f7;\"><strong>M6<\/strong> :<em> La France a un incroyable talent !<\/em><\/span><\/li><li><span style=\"color: #5a05f7;\"><strong>TF6<\/strong> : <em>100% Ph\u00e9nom\u00e8nes<\/em><\/span><\/li><li><span style=\"color: #5a05f7;\"><strong>W9<\/strong> : <em>C&rsquo;est ma vie<\/em><\/span><\/li><\/ul><ul><li><span style=\"color: #5a05f7;\"><span style=\"text-decoration: underline;\">En 2010<\/span> :<\/span><\/li><li><span style=\"color: #5a05f7;\"><strong>TF1<\/strong> : <em>Qui sera le meilleur sosie ce soir ?<\/em><\/span><\/li><\/ul><p>\u00a0<\/p><p><span style=\"color: #ff6600;\"><strong>REFERENCES\u00a0\u00a0 :<\/strong><\/span><\/p><p>\u00a0<\/p><ul><li><span style=\"color: #ff6600;\"><strong><em>Comit\u00e9s d &lsquo;entreprises\u00a0:<\/em>\u00a0<\/strong><\/span><\/li><li><span style=\"color: #5a05f7;\">CLUB MED &#8211;\u00a0LE GAN &#8211; Proxima &#8211;\u00a0ERIS Technique &#8211;\u00a0l&rsquo;\u00c9QUINOXE &#8211;\u00a0VIA Productions &#8230;.<\/span><\/li><\/ul><p>\u00a0<\/p><div><ul><li><span style=\"color: #ff6600;\"><em><strong>Salles de spectacles\u00a0:<\/strong><\/em><\/span><\/li><\/ul><ul><li><span style=\"color: #5a05f7;\"><em><strong>Ile de France<\/strong><strong>\u00a0:\u00a0<\/strong><\/em><\/span><\/li><li><span style=\"color: #5a05f7;\">CASINOS BARRIERE \u00a0<em>(France)<\/em>\u00a0&#8211;\u00a0DISNEY\u00a0<em>(Marne la vall\u00e9e)<\/em>\u00a0&#8211;\u00a0Le Club Med World\u00a0<em>(Paris)<\/em>\u00a0&#8211; Le TAMANOIR\u00a0<em>(Gennevilliers)<\/em>\u00a0&#8211; PAVILLON HENRY IV\u00a0<em>(St Germain en Laye)<\/em>\u00a0&#8211;\u00a0La SCENE BASTILLE\u00a0<em>(Paris)<\/em>\u00a0&#8211;\u00a0Le RESERVOIR\u00a0<em>(Paris)<\/em>\u00a0&#8211; Le CAP\u00a0<em>(Aulnay sous Bois)<\/em>\u00a0&#8211; L&rsquo;ENVOL\u00a0<em>(Juvisy)<\/em>\u00a0&#8211;\u00a0L&rsquo;ALHAMBRA\u00a0<em>(Paris)<\/em>\u00a0&#8211; L&rsquo;EMPREINTE\u00a0<em>(Savigny le temple)<\/em>\u00a0&#8211; Le PLAN\u00a0<em>(Ris Orangis)<\/em>\u00a0&#8211; CANAL 93\u00a0<em>(Bobigny)<\/em>\u00a0&#8211; Le Hard Rock Caf\u00e9\u00a0<em>(Paris)<\/em>\u00a0&#8230;.<\/span><\/li><\/ul><div>\u00a0<\/div><ul><li><span style=\"color: #5a05f7;\"><strong>Province<\/strong><strong>\u00a0:<\/strong><\/span><\/li><li><span style=\"color: #5a05f7;\">Le ROCKSTORE <em>(Montpellier)<\/em> &#8211; La CIGALE <em>(Nyons)<\/em> &#8211; le MIRA PUB <em>(Bordeaux)<\/em> &#8211; L&rsquo;INTERMEDIAIRE <em>(Marseille)<\/em>\u00a0&#8211; Le GRAND CAFE\u00a0<em>(Castelljaloux)<\/em>\u00a0&#8211; Le LIVE CAFE\u00a0<em>(Gap)<\/em>\u00a0&#8211; L&rsquo;ALTER CAFE\u00a0<em>(Nantes)<\/em>\u00a0\/\u00a0autres d\u00e9partements\u00a0: Le Cher, les Hautes Alpes, L&rsquo;Yonne, la Haute Saone &#8230;.<\/span><\/li><\/ul><p><span style=\"color: #5a05f7;\"><em>\u00a0<\/em><\/span><\/p><\/div><ul><li><strong><em><span style=\"color: #000000;\"><span style=\"color: #5a05f7;\">Mais aussi<\/span>\u00a0<\/span><span style=\"color: #ff6600;\">les espaces (salles, domaines ect) Lou\u00e9s pour les \u00e9v\u00e9nements priv\u00e9s\u00a0:\u00a0<\/span><\/em><\/strong><\/li><li><span style=\"color: #5a05f7;\">France &#8211; Belgique<\/span><\/li><\/ul><p><span style=\"color: #ff6600;\"><strong><span style=\"text-decoration: underline;\">\u00a0<\/span><\/strong><\/span><\/p>\t\t\t\t\t\t<\/div>\n\t\t\t\t<\/div>\n\t\t\t\t\t<\/div>\n\t\t\t\t<\/div>\n\t\t\t\t\t\t\t<\/div>\n\t\t","protected":false},"excerpt":{"rendered":"<p>Apparitions TV :\u00a0 En 2011 : M6 : La France a un incroyable talent ! TF6 : 100% Ph\u00e9nom\u00e8nes W9 : C&rsquo;est ma vie En&#8230;<\/p>\n","protected":false},"author":1,"featured_media":254,"parent":0,"menu_order":0,"comment_status":"closed","ping_status":"closed","template":"","meta":{"footnotes":""},"_links":{"self":[{"href":"https:\/\/www.tributetoprince.com\/index.php?rest_route=\/wp\/v2\/pages\/233"}],"collection":[{"href":"https:\/\/www.tributetoprince.com\/index.php?rest_route=\/wp\/v2\/pages"}],"about":[{"href":"https:\/\/www.tributetoprince.com\/index.php?rest_route=\/wp\/v2\/types\/page"}],"author":[{"embeddable":true,"href":"https:\/\/www.tributetoprince.com\/index.php?rest_route=\/wp\/v2\/users\/1"}],"replies":[{"embeddable":true,"href":"https:\/\/www.tributetoprince.com\/index.php?rest_route=%2Fwp%2Fv2%2Fcomments&post=233"}],"version-history":[{"count":45,"href":"https:\/\/www.tributetoprince.com\/index.php?rest_route=\/wp\/v2\/pages\/233\/revisions"}],"predecessor-version":[{"id":796,"href":"https:\/\/www.tributetoprince.com\/index.php?rest_route=\/wp\/v2\/pages\/233\/revisions\/796"}],"wp:featuredmedia":[{"embeddable":true,"href":"https:\/\/www.tributetoprince.com\/index.php?rest_route=\/wp\/v2\/media\/254"}],"wp:attachment":[{"href":"https:\/\/www.tributetoprince.com\/index.php?rest_route=%2Fwp%2Fv2%2Fmedia&parent=233"}],"curies":[{"name":"wp","href":"https:\/\/api.w.org\/{rel}","templated":true}]}}