{"id":70,"date":"2012-02-16T13:09:42","date_gmt":"2012-02-16T13:09:42","guid":{"rendered":"http:\/\/tributetoprince.com\/?page_id=70"},"modified":"2023-10-10T13:10:14","modified_gmt":"2023-10-10T13:10:14","slug":"galerie-photos","status":"publish","type":"page","link":"https:\/\/www.tributetoprince.com\/?page_id=70","title":{"rendered":"SPECTACLE &#8211; show"},"content":{"rendered":"\t\t<div data-elementor-type=\"wp-page\" data-elementor-id=\"70\" class=\"elementor elementor-70\">\n\t\t\t\t\t\t\t<div class=\"elementor-element elementor-element-34b0b037 e-flex e-con-boxed e-con e-parent\" data-id=\"34b0b037\" data-element_type=\"container\" data-settings=\"{&quot;content_width&quot;:&quot;boxed&quot;}\" data-core-v316-plus=\"true\">\n\t\t\t\t\t<div class=\"e-con-inner\">\n\t\t\t\t<div class=\"elementor-element elementor-element-142f53c6 elementor-widget elementor-widget-text-editor\" data-id=\"142f53c6\" data-element_type=\"widget\" data-widget_type=\"text-editor.default\">\n\t\t\t\t<div class=\"elementor-widget-container\">\n\t\t\t<style>\/*! elementor - v3.16.0 - 09-10-2023 *\/\n.elementor-widget-text-editor.elementor-drop-cap-view-stacked .elementor-drop-cap{background-color:#69727d;color:#fff}.elementor-widget-text-editor.elementor-drop-cap-view-framed .elementor-drop-cap{color:#69727d;border:3px solid;background-color:transparent}.elementor-widget-text-editor:not(.elementor-drop-cap-view-default) .elementor-drop-cap{margin-top:8px}.elementor-widget-text-editor:not(.elementor-drop-cap-view-default) .elementor-drop-cap-letter{width:1em;height:1em}.elementor-widget-text-editor .elementor-drop-cap{float:left;text-align:center;line-height:1;font-size:50px}.elementor-widget-text-editor .elementor-drop-cap-letter{display:inline-block}<\/style>\t\t\t\t<div><ul><li><span style=\"color: #ff6600;\"><strong>\u00ab\u00a0LET&rsquo;S GO CRAZY\u00a0!\u00a0\u00bb Le spectacle hommage \u00e0 PRINCE \u00a0<em>(the tribute to Prince)<\/em>\u00a0a \u00e9t\u00e9 cr\u00e9\u00e9\u00a0<\/strong>en 2003<strong>\u00a0<\/strong>par<\/span><strong><span style=\"color: #ff6600;\">\u00a0Pi-Elle et Miko Prince<\/span>\u00a0<\/strong><span style=\"color: #5807fa;\">(leaders sur sc\u00e8ne aussi).<\/span><\/li><\/ul><p><span style=\"color: #5807fa;\">C\u2019est un\u00a0<strong>spectacle\/concert\u00a0exceptionnel, INEDIT, UNIQUE en France,\u00a0<\/strong>et<strong>\u00a0ultra rare\u00a0<\/strong>en\u00a0<strong>Europe !\u00a0<\/strong><strong>Pi-Elle et Miko Prince<\/strong>\u00a0interpr\u00e8tent les plus grands tubes de Prince tels que :\u00a0<em>Kiss<\/em>,\u00a0<em>Purple Rain, 1999, Let\u2019s go crazy, When doves cry<\/em>\u00a0et bien d\u2019autres !\u00a0<em>(voir set list ci-dessous)<\/em>\u00a0avec \u00e9nergie, chor\u00e9graphies,\u00a0<strong>costumes<\/strong>\u00a0et d\u00e9cors !\u00a0Forts de leur exp\u00e9rience sc\u00e9nique,\u00a0<strong>c\u2019est un spectacle\/concert : carr\u00e9, bien rod\u00e9 et de\u00a0qualit\u00e9 professionnelle !<\/strong><\/span><\/p><p>\u00a0<\/p><\/div><p><span style=\"color: #5807fa;\">Ce show\u00a0live illustre magnifiquement bien l\u2019univers de\u00a0<em>Prince !\u00a0<\/em><\/span><\/p><div><ul><li><span style=\"color: #ff6600;\"><strong>UNE SOURCE D\u2019INSPIRATION \u2026<\/strong><\/span><\/li><\/ul><p><span style=\"color: #5807fa;\">Prince \u00e9tait le musicien le plus talentueux de sa g\u00e9n\u00e9ration. Sa production, prolifique et pionni\u00e8re, exerce une influence consid\u00e9rable sur la musique contemporaine. Professionnel hors-pair et hors-norme,\u00a0Prince \u00e9tait largement reconnu comme le showman du si\u00e8cle.<\/span><br \/><span style=\"color: #5807fa;\">Cet artiste \u00e9tait tr\u00e8s actif \u00a0(21 shows \u00e0 Londres en 2007, trois albums en 2009, concerts exeptionnels au\u00a0<em>Grand Palais<\/em>\u00a0\u00e0 Paris en octobre, tourn\u00e9e europ\u00e9enne en 2010, le\u00a0<em>Stade de France<\/em>\u00a0et tourn\u00e9e am\u00e9ricaine en 2011&#8230; ) \u00e9tait le cr\u00e9ateur d\u2019un hit intemporel :\u00a0<em>Purple Rain<\/em>.<\/span><\/p><ul><li><span style=\"color: #ff6600;\"><strong>1984-2009 : LES 25 ANS de PURPLE RAIN<\/strong><\/span><\/li><\/ul><p><span style=\"color: #5807fa;\">2009 marque le 25\u00e8me anniversaire de la naissance de\u00a0Purple Rain, un album l\u00e9gendaire, mais aussi un film et une tourn\u00e9e.<\/span><br \/><span style=\"color: #5807fa;\">Ces \u00e9v\u00e9nements embl\u00e9matiques t\u00e9moign\u00e8rent de l\u2019ascension m\u00e9t\u00e9orique de Prince\u00a0et de son accession au statut de star internationale.<\/span><br \/><span style=\"color: #5807fa;\">Purple Rain transforma Prince en ic\u00f4ne des ann\u00e9es 80, marquant le d\u00e9but d\u2019une longue p\u00e9riode de pr\u00e9dominance de sa production par rapport \u00e0 ses contemporains.<\/span><\/p><div><ul><li><span style=\"color: #ff6600;\"><strong>LA SET LIST du spectacle \u00ab\u00a0LET&rsquo;S GO CRAZY !\u00a0\u00bb\u00a0:\u00a0<\/strong><\/span><\/li><\/ul><div><p><span style=\"color: #5807fa;\">Purple Rain\u00a0&#8211; Let&rsquo;s Go Crazy-1999 &#8211; Little Red Corvette &#8211; Take Me With U &#8211; The Beautiful ones &#8211; Darling Nikki &#8211; When doves cry &#8211; I would die 4 you &#8211; Baby I&rsquo;m a star &#8211; Automatic &#8211; Lady cab driver &#8211; Dirty Mind &#8211; When U were mine &#8211; Do it all night &#8211; Uptown &#8211; Head &#8211; Party up &#8211; Mix album diamonds and pearls &#8211; Raspberry Beret &#8211; Girls and boys &#8211; Mountains &#8211; Kiss &#8211; Sometimes it snown in april &#8211; Controversy &#8211; Sexuality &#8211; Do me baby &#8211; Let&rsquo;s work &#8211; Soft and wet &#8211; Just as long as We&rsquo;re together &#8211; DMSR &#8211; Pop life &#8211; I wanna be your lover &#8211; Why U wanna treat me so bad &#8211; \u00a0Sexy dancer &#8211; With you &#8211; I feel for you &#8211; It&rsquo;s gonna be lonely &#8211; Alphabet street &#8211; I wish U heaven &#8211; The question of u &#8211; Mix my name is Prince\/Sexy MF &#8211; Shhh &#8211; The most beautiful girl in the world &#8211; Dolphin &#8211; Shy &#8211; Gold &#8211; Electric chair &#8211; Scandalous &#8211; Sign&rsquo;O&rsquo;Times &#8211; Hot thing &#8211; U got the look &#8211; If I was your girlfriend &#8211; Strange relationship &#8211; I could never take the place.. &#8211; The cross &#8211; A love bizzare &#8211; Adore &#8211; How come U don&rsquo;t call me &#8211; Nasty Girl \u00a0 &#8230;<\/span><\/p><\/div><\/div><\/div><div><span style=\"color: #000000;\">\u00a0<\/span><\/div>\t\t\t\t\t\t<\/div>\n\t\t\t\t<\/div>\n\t\t\t\t\t<\/div>\n\t\t\t\t<\/div>\n\t\t\t\t\t\t\t<\/div>\n\t\t","protected":false},"excerpt":{"rendered":"<p>\u00ab\u00a0LET&rsquo;S GO CRAZY\u00a0!\u00a0\u00bb Le spectacle hommage \u00e0 PRINCE \u00a0(the tribute to Prince)\u00a0a \u00e9t\u00e9 cr\u00e9\u00e9\u00a0en 2003\u00a0par\u00a0Pi-Elle et Miko Prince\u00a0(leaders sur sc\u00e8ne aussi). C\u2019est un\u00a0spectacle\/concert\u00a0exceptionnel, INEDIT, UNIQUE&#8230;<\/p>\n","protected":false},"author":1,"featured_media":244,"parent":0,"menu_order":0,"comment_status":"closed","ping_status":"closed","template":"","meta":{"footnotes":""},"_links":{"self":[{"href":"https:\/\/www.tributetoprince.com\/index.php?rest_route=\/wp\/v2\/pages\/70"}],"collection":[{"href":"https:\/\/www.tributetoprince.com\/index.php?rest_route=\/wp\/v2\/pages"}],"about":[{"href":"https:\/\/www.tributetoprince.com\/index.php?rest_route=\/wp\/v2\/types\/page"}],"author":[{"embeddable":true,"href":"https:\/\/www.tributetoprince.com\/index.php?rest_route=\/wp\/v2\/users\/1"}],"replies":[{"embeddable":true,"href":"https:\/\/www.tributetoprince.com\/index.php?rest_route=%2Fwp%2Fv2%2Fcomments&post=70"}],"version-history":[{"count":31,"href":"https:\/\/www.tributetoprince.com\/index.php?rest_route=\/wp\/v2\/pages\/70\/revisions"}],"predecessor-version":[{"id":781,"href":"https:\/\/www.tributetoprince.com\/index.php?rest_route=\/wp\/v2\/pages\/70\/revisions\/781"}],"wp:featuredmedia":[{"embeddable":true,"href":"https:\/\/www.tributetoprince.com\/index.php?rest_route=\/wp\/v2\/media\/244"}],"wp:attachment":[{"href":"https:\/\/www.tributetoprince.com\/index.php?rest_route=%2Fwp%2Fv2%2Fmedia&parent=70"}],"curies":[{"name":"wp","href":"https:\/\/api.w.org\/{rel}","templated":true}]}}